ermine t(1).
2
Suppose 0 = -0*i - 3*i + 4*j + 2, j + 9 = 5*i. Suppose -4*d + i*b - 8 = -0*d, b = d. Let u(s) = -s + 2. Give u(d).
6
Let r = -41 + 25. Let n be (-3)/2*r/(-12). Let y(b) = 2*b**3 + 3*b**2 + b - 1. Calculate y(n).
-7
Let i(z) be the first derivative of z**3/3 - 7*z**2/2 + 3*z - 3. What is i(6)?
-3
Let n(t) = t**3 - 4*t**2 + 1. Let j(s) be the first derivative of -s**4/4 + 4*s**3/3 - 4. Let p(x) = 6*j(x) + 5*n(x). Give p(4).
5
Let s be (-2)/10 - (-12)/10. Suppose 3 = 2*q - s. Let n(x) = -x + 2. Let b(t) = 1. Let a(z) = b(z) + n(z). Determine a(q).
1
Let a(j) = j**2 - 5*j + 2. Let q be (2/(-5))/((-1)/50). Suppose -17*o = -12*o - q. Give a(o).
-2
Let l(x) be the third derivative of -1/24*x**4 + 0 + 5/3*x**3 + x**2 + 0*x. Suppose -2*g - 6 = 4*f, -2*f + 31 = 3*g - 6*f. Give l(g).
5
Let s(c) = -c + 3. Let q(t) = 1. Let v(m) = 3*q(m) - s(m). Suppose 0 = 2*h + h + 15. What is v(h)?
-5
Suppose -4*w + 0*w + 8 = 0. Let x(u) = -u - 5. Let l(q) = -q - 10 + 3 - 2 + 5. Let b(h) = -5*l(h) + 4*x(h). Determine b(w).
2
Let t(p) = 1 + 1 + 0*p - p. Suppose -4*b - 18 = -2*a, 8*a = 3*a + b + 18. Calculate t(a).
-1
Let y(r) = 4*r - 4*r + 4 - 3 + 3*r. What is y(-1)?
-2
Suppose -g + 4*g = 0. Let r(w) = -2 + g + 2*w + 0. Calculate r(5).
8
Let b(h) be the first derivative of h**2/2 + 3. Let a be b(-2). Let f(j) = j**3 - j**2 + 1. Give f(a).
-11
Let z(s) = 8*s + s**2 - 3*s**2 + 6*s**2 + 1 - 3*s**2. What is z(-9)?
10
Let g(d) = d**3 + 5*d**2 - 7*d - 1. Let m be 1/(-2 + (-153)/(-75)). Suppose 4*u - 5*o = -0*u + 1, 0 = 5*o + m. What is g(u)?
5
Let y(c) = -c**2 - 3*c - 3. Let x(v) = v**2 + 4*v + 2. Let t be x(-3). Let b = t + -2. Calculate y(b).
-3
Let u(f) = -f**2 - 1. Let x be (-4)/(-12)*3 - -1. What is u(x)?
-5
Let v(b) = 2 - 34*b**2 - 7*b + 0 + 2*b + 33*b**2. Let t be (-6)/((0 + -2)/(-2)). Determine v(t).
-4
Let d(i) = 1 - 6*i - i**3 + 6*i**2 - 7 + 1. Calculate d(5).
-10
Let q(j) = -j**3 + 3*j**2 + 6*j - 6. Let o = 71 - 67. What is q(o)?
2
Let u(b) = -b**2 + 5*b + 3. Let w be u(4). Let y = w + -5. Let s(n) = 0*n - y*n + 0*n**2 + n**2 - 1. Give s(2).
-1
Let q be 1 - ((-144)/(-3))/(-8). Let u(d) = 20*d**2 - 41*d + 6. Let y(h) = 7*h**2 - 14*h + 2. Let b(c) = -6*u(c) + 17*y(c). Determine b(q).
5
Let x = 7 + -9. Let o(i) be the third derivative of -1/60*i**6 + 0*i + 0 + 1/24*i**4 - 1/3*i**3 - i**2 - 1/60*i**5. What is o(x)?
8
Suppose 1 - 25 = -4*l. Let r(o) = -l + o**2 - o**2 - o**2. Calculate r(0).
-6
Suppose 5*i = 4 + 21. Let l(j) = -2 + i - 2 + 2*j + 3*j. What is l(2)?
11
Suppose -94 = -5*u - 14. Suppose 4*z - u = 4*p, 4*z - 9 - 7 = -2*p. Let m(a) = a**3 - 2*a**2 - 5*a - 2. Give m(z).
10
Suppose 3*u = -2 + 8. Let o(j) be the third derivative of 0*j + 1/6*j**3 + 1/24*j**4 - 4*j**u + 0. Give o(-1).
0
Let d(j) = -16*j**2 + 22*j**2 + j + 0*j. Let x(y) = y**2 + 7*y + 5. Let z be x(-6). Determine d(z).
5
Let m(g) be the third derivative of g**6/360 + g**5/120 - 7*g**4/24 - g**3/2 + g**2. Let x(k) be the first derivative of m(k). Calculate x(0).
-7
Let u(f) be the first derivative of f**5/120 - f**4/12 - f**3 + 3. Let b(k) be the third derivative of u(k). Give b(-3).
-5
Let d(m) = 4*m + 22 - 12*m - 24. What is d(-2)?
14
Let c(u) = 5*u**3 - 3*u**2 + 6*u - 10. Let f(t) = -6*t**3 + 4*t**2 - 7*t + 11. Let i(k) = -7*c(k) - 6*f(k). Suppose 4*m - 15 = -m. Calculate i(m).
4
Let h(k) = -k + 1. Let l be h(0). Let q(y) = -2 - 2*y**2 - y - 3*y + l. Let r = 5 - 8. Determine q(r).
-7
Let l be -2*7/56*8. Let v(c) = 3*c**2 - 3*c - 1. Let j(a) = -a**2 + a + 1. Let t(r) = -2*j(r) - v(r). Give t(l).
-7
Let p(c) = c - 10. Let b(l) = -l + 10. Let g(a) = -2*b(a) - 3*p(a). What is g(0)?
10
Let s(d) = -d + 2. Let h be 2 + 14/8 + 3/(-4). Give s(h).
-1
Let x(m) = -m**3 - 10*m**2 - 10*m - 4. Suppose -44 = 8*s + 28. Give x(s).
5
Suppose -5*k - 13 = 12. Let u(c) = -2*c**2 - 8*c - 6. Give u(k).
-16
Let b be 3/3*(-6)/(-2). Suppose -b*r + 13 = -0*p + p, 3*p = 12. Let z(a) = a**2 + r + 0 - 1 - a - 5*a. Calculate z(4).
-6
Let a(l) be the first derivative of -l**3/3 - 5*l**2/2 - l - 1. Suppose 62 = -6*v + 38. What is a(v)?
3
Let m(d) = 2*d. Suppose 0 = -9*w + 8*w + 2. Give m(w).
4
Suppose 2*v + 4 = 0, -3 = -5*k - 3*v + 1. Let f(w) = 0 + w**k + 0*w + 4 - 5*w - 2*w. Calculate f(5).
-6
Suppose -5*d - 10 = 5*c, -3*c = -4*c - 2*d - 4. Let q(o) = -o**3 + o - 6. Determine q(c).
-6
Let f(q) = -2*q**3 + 7*q**2 - 7*q + 10. Let j(h) = h**3 - 4*h**2 + 3*h - 5. Let w(n) = 3*f(n) + 7*j(n). Let g(x) = 3*x + 85. Let m be g(-26). Calculate w(m).
-5
Let t(g) = -g - 1. Let u(s) = -s**3 - 6*s**2 + 5*s - 9. Let l be u(-7). Suppose l*d - 5*b = -4 - 6, 0 = -4*b + 8. Let c be -3 - (d + -1) - 3. Give t(c).
4
Let q(c) = -9*c**2 + c - 6. Let j(w) = -8*w**2 + w - 5. Let s(b) = 7*j(b) - 6*q(b). Calculate s(-2).
-9
Let o(h) = -h**2 + 3*h - 4. Let n(p) be the second derivative of p**3/6 - p**2/2 - 3*p. Let l(y) = -3*n(y) + o(y). What is l(-1)?
-2
Let m(i) = -i**2 - i - 3. Let t be 238/16 - (-12)/96. Suppose 3*w - 2*o + 9 = -0, t = -5*w + 3*o. Give m(w).
-9
Let a(x) = 2*x**3 + x**2 - x. Let k be a(1). Let r(y) = 2 - 1 - y**k - 2*y**2. Suppose 5*j - 5*m = 0, -9 = 2*j + 5*m - 2. Determine r(j).
-2
Let o(l) = -l + 4. Let n(p) = -4*p - 2. Let v = -2 - 0. Let q be n(v). Let x = -4 + q. Determine o(x).
2
Suppose 2*h = 4*h + 4. Let i be (-2 + 3 + -2)*7. Let c = i - h. Let n(l) = -l**3 - 5*l**2 + 2*l + 5. What is n(c)?
-5
Suppose 0 = 5*j - 15, -n + 5*n + 4*j - 24 = 0. Let o(m) = 0 + m - 3 + n - 3. What is o(4)?
1
Let y(f) be the second derivative of -f**4/12 + f**3 + f**2 + 5*f. Determine y(6).
2
Let w be (1 - (15 - 0))/(-2). Let y(o) = o**2 + 1. Let z(g) = 3*g**2 + 8*g - 1. Let q(v) = -4*y(v) + z(v). Calculate q(w).
2
Let y(q) = -24 + 5 + 17 + 3*q**2 - 3*q. Give y(3).
16
Let s(t) be the third derivative of -1/60*t**5 + 0*t + 10*t**2 - 1/3*t**3 - 5/24*t**4 + 0. What is s(-2)?
4
Suppose -4*o = 4*q + q - 77, -18 = -o - q. Let m = -19 + o. Let x(l) = -l**2 - 6*l - 2. What is x(m)?
-2
Let v(x) = x**3 - 5*x**2 + 5*x - 4. Suppose -5*f + 2 = -18. Give v(f).
0
Let f(d) = d**2 - d + 1. Let r(s) be the first derivative of -s**3/3 + s**2 + 1. Let c(n) = -4*f(n) - 5*r(n). Give c(6).
-4
Let k(x) = -4*x + 12. Let o(h) = 5*h - 12. Let c(z) = 4*k(z) + 3*o(z). Give c(8).
4
Let b(c) = -c + 2. Let u be b(6). Let d(a) be the first derivative of a**4/4 + 4*a**3/3 + a + 1. Calculate d(u).
1
Let b(a) = -a**3 + 6*a**2 - a + 6. Suppose -30 = 3*h - 48. What is b(h)?
0
Let s(u) = 2*u**2 - 4*u - 4*u**2 + 35 - 36. Give s(-3).
-7
Let q be -10*(-2)/(2 + 2). Let c(f) be the second derivative of f**4/24 + f**3/3 + f**2/2 + f. Let n(y) be the first derivative of c(y). Give n(q).
7
Let j(q) be the third derivative of q**5/60 - 5*q**4/12 - 3*q**3/2 - 37*q**2. Calculate j(8).
-25
Let f(x) = 3*x**3 - x**2 - x + 7. Let q(b) be the second derivative of -b**5/20 - 5*b. Let d(i) = -f(i) - 2*q(i). What is d(0)?
-7
Let y(s) = -2*s + 3. Let z(o) = -o**3 - 14*o**2 - 26*o - 18. Let b be z(-12). What is y(b)?
-9
Let n be 1*-2 + 2 + 1. Let y(v) be the third derivative of -1/60*v**5 + 0*v - 1/6*v**3 + 1/12*v**4 - 2*v**2 + 0 - 1/120*v**6. What is y(n)?
-1
Let b(g) = -g - 7. Let y(n) = -2*n**2 + 11*n - 2. Let q(v) = -v**2 + 5*v - 1. Let h(o) = 7*q(o) - 3*y(o). Let d be h(3). Calculate b(d).
-3
Let p be 8/3 + (-2)/3. Let v(g) = -g - p*g**3 + g**2 + 5*g - g**3 + 3 + 2*g**3. Calculate v(-2).
7
Let i(h) = h + 1. Let n be i(0). Let l(w) = 6*w - 1. Calculate l(n).
5
Let l(x) = x + 1. Let m be l(-5). Let i(h) = -h**2 - 7*h - 5. Determine i(m).
7
Let k(w) = w**2 + 1. Suppose -50*i = -54*i. Determine k(i).
1
Let o(x) be the second derivative of 0 - 3/2*x**2 + 0*x**3 + 1/12*x**4 - 6*x. Give o(0).
-3
Let r = -15 - -24. Suppose r*a - 8 = 5*a. Let z(t) = t + 1. Give z(a).
3
Suppose -3*s - 4*l = -28, 2*s + 3*l - 35 = -2*s. Let v = s - 1. Let r(d) = -1 - 1 - v*d - d**2 - 5. What is r(-5)?
3
Let a(b) = -b**3 + b**2 - b - 1. Let l be a(0). Suppose 0 = 2*p + 2*p - 16. Let q(t) = 3*t - p*t + 1 + 0 - 3. Determine q(l).
-1
Let b(y) = 6 - 1 - y + 5. Let w be b(7). Let x(c) = 2*c + 4*c**2 - 3*c - 5*c**2. Determine x(w).
-12
Let n(k) be the second derivative of 7/2*k**2 + 1/6*k**3 + 2*k + 0. Calculate n(0).
7
Suppose a = -3*g - 2, 22 - 6 = 4*a. Let t(m) = -4*m + 2. Let x(l) = 4*l - 3. Let q(c) = g*t(c) - 3*x(c)